29, 2339
List the prime factors of 180708.
2, 3, 11, 37
List the prime factors of 98540.
2, 5, 13, 379
List the prime factors of 674042.
2, 337021
List the prime factors of 134187.
3, 44729
What are the prime factors of 4989630?
2, 3, 5, 59, 2819
What are the prime factors of 2292654?
2, 3, 7, 13, 17, 19
What are the prime factors of 976830?
2, 3, 5, 32561
List the prime factors of 45525.
3, 5, 607
What are the prime factors of 22838754?
2, 3, 31, 122789
List the prime factors of 517857.
3, 172619
List the prime factors of 238690.
2, 5, 23869
What are the prime factors of 147199?
13, 67
What are the prime factors of 720898?
2, 19, 61, 311
List the prime factors of 71155.
5, 7, 19, 107
List the prime factors of 11959581.
3, 113, 35279
What are the prime factors of 10565208?
2, 3, 41, 1193
List the prime factors of 3724699.
11, 338609
List the prime factors of 8842654.
2, 83, 53269
List the prime factors of 16036.
2, 19, 211
List the prime factors of 13901547.
3, 11, 31, 107, 127
What are the prime factors of 1273527?
3, 71, 1993
List the prime factors of 6571366.
2, 3285683
What are the prime factors of 1216099?
31, 39229
What are the prime factors of 499714?
2, 249857
List the prime factors of 3232914.
2, 3, 71, 7589
What are the prime factors of 5927492?
2, 17, 61, 1429
List the prime factors of 19958517.
3, 89, 24917
What are the prime factors of 558486?
2, 3, 19, 23, 71
List the prime factors of 1451226.
2, 3, 7, 109, 317
List the prime factors of 590719.
590719
What are the prime factors of 1033734?
2, 3, 13, 29, 457
List the prime factors of 1760604.
2, 3, 23, 6379
List the prime factors of 27066041.
131, 307, 673
List the prime factors of 1996001.
7, 313, 911
What are the prime factors of 6644486?
2, 61, 107, 509
What are the prime factors of 187666?
2, 103, 911
List the prime factors of 333513.
3, 37057
What are the prime factors of 91808?
2, 19, 151
List the prime factors of 15246640.
2, 5, 190583
List the prime factors of 273761.
31, 8831
List the prime factors of 8475385.
5, 23, 73699
What are the prime factors of 272554?
2, 136277
List the prime factors of 1343271.
3, 447757
List the prime factors of 2274683.
2274683
What are the prime factors of 1545568?
2, 48299
What are the prime factors of 50883?
3, 7, 2423
What are the prime factors of 324430?
2, 5, 32443
List the prime factors of 619148.
2, 154787
What are the prime factors of 16135286?
2, 8067643
List the prime factors of 22146343.
19, 29, 40193
What are the prime factors of 4390179?
3, 283, 5171
List the prime factors of 5812090.
2, 5, 59, 9851
List the prime factors of 232954.
2, 269, 433
List the prime factors of 1123172.
2, 37, 7589
What are the prime factors of 5003403?
3, 19, 61, 1439
What are the prime factors of 15953?
7, 43, 53
What are the prime factors of 1400233?
67, 20899
What are the prime factors of 2346427?
433, 5419
What are the prime factors of 2527480?
2, 5, 179, 353
List the prime factors of 848326.
2, 424163
What are the prime factors of 323402?
2, 101, 1601
What are the prime factors of 315731?
13, 149, 163
List the prime factors of 22524336.
2, 3, 156419
List the prime factors of 38649400.
2, 5, 193247
What are the prime factors of 2257230?
2, 3, 5, 67, 1123
What are the prime factors of 118238?
2, 59119
What are the prime factors of 17496533?
101, 107, 1619
List the prime factors of 15410.
2, 5, 23, 67
List the prime factors of 8395968.
2, 3, 7, 6247
List the prime factors of 1106754.
2, 3, 11, 41, 409
What are the prime factors of 12411344?
2, 11, 97, 727
List the prime factors of 8538228.
2, 3, 237173
What are the prime factors of 857556?
2, 3, 7, 41, 83
List the prime factors of 417524.
2, 104381
What are the prime factors of 1230448?
2, 53, 1451
What are the prime factors of 587559?
3, 7, 571
What are the prime factors of 7706104?
2, 7, 23, 31, 193
What are the prime factors of 4802758?
2, 109, 22031
List the prime factors of 168287.
7, 29, 829
List the prime factors of 3003050.
2, 5, 17, 3533
List the prime factors of 722470.
2, 5, 7, 10321
List the prime factors of 530997.
3, 263, 673
List the prime factors of 1258236.
2, 3, 7, 4993
List the prime factors of 6584010.
2, 3, 5, 219467
What are the prime factors of 7101479?
7, 11, 92227
List the prime factors of 1248948.
2, 3, 34693
What are the prime factors of 2491680?
2, 3, 5, 29, 179
What are the prime factors of 1009890?
2, 3, 5, 7, 229
List the prime factors of 142081.
47, 3023
What are the prime factors of 339688?
2, 42461
List the prime factors of 392920.
2, 5, 11, 19, 47
List the prime factors of 669326.
2, 7, 47809
List the prime factors of 464249.
157, 2957
List the prime factors of 155092.
2, 7, 29, 191
What are the prime factors of 35559100?
2, 5, 355591
What are the prime factors of 250444?
2, 17, 29, 127
What are the prime factors of 23300681?
23300681
What are the prime factors of 435424?
2, 11, 1237
List the prime factors of 27158028.
2, 3, 2263169
What are the prime factors of 6240446?
2, 41, 76103
List the prime factors of 2316310.
2, 5, 231631
What are the prime factors of 10274550?
2, 3, 5, 11, 13, 479
List the prime factors of 1315397.
1315397
List the prime factors of 458251.
43, 10657
List the prime factors of 1765749.
3, 131, 4493
What are the prime factors of 389391?
3, 31, 53, 79
What are the prime factors of 865433?
307, 2819
What are the prime factors of 2774177?
7, 396311
What are the prime factors of 32875772?
2, 293, 28051
What are the prime factors of 258083?
7, 23, 229
List the prime factors of 11257.
11257
What are the prime factors of 238570?
2, 5, 23857
What are the prime factors of 10024840?
2, 5, 7, 35803
List the prime factors of 588459.
3, 53, 3701
List the prime factors of 203508.
2, 3, 5653
What are the prime factors of 9914099?
13, 727, 1049
What are the prime factors of 2121196?
2, 7, 11, 71, 97
What are the prime factors of 257398?
2, 41, 43, 73
List the prime factors of 8941884.
2, 3, 7, 106451
List the prime factors of 26036822.
2, 7, 499, 3727
What are the prime factors of 276500?
2, 5, 7, 79
List the prime factors of 127517.
13, 17, 577
What are the prime factors of 90356?
2, 7, 461
List the prime factors of 1785829.
19, 193, 487
List the prime factors of 1760889.
3, 13, 163, 277
List the prime factors of 1051242.
2, 3, 241, 727
What are the prime factors of 242806?
2, 121403
What are the prime factors of 1136725?
5, 41, 1109
List the prime factors of 165143.
11, 15013
List the prime factors of 1825936.
2, 7, 17, 137
What are the prime factors of 2860809?
3, 7, 23, 5923
What are the prime factors of 6293015?
5, 149, 8447
What are the prime factors of 116030?
2, 5, 41, 283
What are the prime factors of 399700?
2, 5, 7, 571
What are the prime factors of 493346?
2, 7, 131, 269
What are the prime factors of 466444?
2, 11, 10601
What are the prime factors of 14243643?
3, 991, 1597
What are the prime factors of 3995071?
73, 54727
List the prime factors of 180611.
179, 1009
What are the prime factors of 271113?
3, 90371
What are the prime factors of 32393857?
17, 47, 40543
What are the prime factors of 13197733?
13197733
List the prime factors of 28163438.
2, 31, 37, 12277
What are the prime factors of 2464863?
3, 67, 12263
What are the prime factors of 4963763?
7, 379, 1871
What are the prime factors of 846931?
846931
What are the prime factors of 231235?
5, 103, 449
List the prime factors of 2212741.
139, 15919
List the prime factors of 26339685.
3, 5, 29, 151, 401
What are the prime factors of 182790?
2, 3, 5, 677
List the prime factors of 132011.
11, 1091
List the prime factors of 530138.
2, 7, 19, 1993
List the prime factors of 10484628.
2, 3, 7, 11, 1621
List the prime factors of 3474256.
2, 17, 53, 241
What are the prime factors of 138422?
2, 67, 1033
What are the prime factors of 14128180?
2, 5, 11, 149, 431
What are the prime factors of 470564?
2, 47, 2503
List the prime factors of 823418.
2, 411709
List the prime factors of 20125396.
2, 877, 5737
What are the prime factors of 4292726?
2, 659, 3257
List the prime factors of 12082006.
2, 6041003
What are the prime factors of 385047?
3, 13, 1097
List the prime factors of 147330.
2, 3, 5, 1637
What are the prime factors of 28768312?
2, 103, 34913
What are the prime factors of 530799?
3, 176933
Wh